inder when 7632964 is divided by 2544306?
46
What is the remainder when 203236 is divided by 28145?
6221
Calculate the remainder when 562772 is divided by 281284.
204
Calculate the remainder when 4354 is divided by 861.
49
What is the remainder when 222838 is divided by 7708?
7014
What is the remainder when 2318355 is divided by 1458?
135
What is the remainder when 209003259 is divided by 17?
6
Calculate the remainder when 5981766 is divided by 11706.
0
What is the remainder when 9984803 is divided by 35?
3
Calculate the remainder when 79716 is divided by 1762.
426
Calculate the remainder when 2214697 is divided by 88587.
22
What is the remainder when 77555 is divided by 1587?
1379
What is the remainder when 17510899 is divided by 62?
53
What is the remainder when 140342 is divided by 333?
149
Calculate the remainder when 64132905 is divided by 42.
39
What is the remainder when 428568 is divided by 214272?
24
What is the remainder when 106611 is divided by 650?
11
What is the remainder when 377549 is divided by 3624?
653
Calculate the remainder when 397902 is divided by 888.
78
What is the remainder when 520978 is divided by 74270?
1088
What is the remainder when 613211 is divided by 153250?
211
Calculate the remainder when 17824 is divided by 254.
44
Calculate the remainder when 584956 is divided by 194972.
40
What is the remainder when 450904 is divided by 10997?
27
Calculate the remainder when 2332856 is divided by 233284.
16
Calculate the remainder when 385283806 is divided by 26.
24
Calculate the remainder when 885725 is divided by 36905.
5
What is the remainder when 58985 is divided by 5353?
102
Calculate the remainder when 604802 is divided by 614.
12
What is the remainder when 280138 is divided by 21544?
66
Calculate the remainder when 4096727 is divided by 51.
50
Calculate the remainder when 5999487 is divided by 157881.
9
What is the remainder when 1821574 is divided by 1498?
6
What is the remainder when 141529 is divided by 2564?
509
What is the remainder when 17151171 is divided by 9296?
51
Calculate the remainder when 29795705 is divided by 4071.
56
Calculate the remainder when 1678681 is divided by 839312.
57
Calculate the remainder when 80602 is divided by 753.
31
Calculate the remainder when 77155 is divided by 2971.
2880
Calculate the remainder when 224864 is divided by 395.
109
Calculate the remainder when 2560763 is divided by 357.
2
What is the remainder when 1195581 is divided by 361?
310
Calculate the remainder when 10349874 is divided by 1021.
1018
Calculate the remainder when 26672988 is divided by 424.
420
What is the remainder when 1513108 is divided by 444?
400
Calculate the remainder when 511208 is divided by 511183.
25
Calculate the remainder when 96335 is divided by 27.
26
What is the remainder when 2416341 is divided by 10?
1
Calculate the remainder when 35028863 is divided by 113362.
5
Calculate the remainder when 1224651 is divided by 244655.
1376
What is the remainder when 856230 is divided by 35675?
30
Calculate the remainder when 626963 is divided by 208426.
1685
What is the remainder when 100162 is divided by 9054?
568
Calculate the remainder when 4615988 is divided by 4615927.
61
Calculate the remainder when 3350571 is divided by 418818.
27
What is the remainder when 73674940 is divided by 33?
31
Calculate the remainder when 89369 is divided by 87968.
1401
Calculate the remainder when 27555 is divided by 307.
232
Calculate the remainder when 4934636 is divided by 2467205.
226
What is the remainder when 340958 is divided by 1970?
148
What is the remainder when 1047961 is divided by 1278?
1
Calculate the remainder when 10896703 is divided by 3245.
3238
What is the remainder when 11955 is divided by 223?
136
Calculate the remainder when 10991942 is divided by 997.
17
What is the remainder when 3506457 is divided by 370?
337
What is the remainder when 231807672 is divided by 12?
0
Calculate the remainder when 748684 is divided by 249512.
148
Calculate the remainder when 7076443 is divided by 471762.
13
What is the remainder when 74312 is divided by 1467?
962
Calculate the remainder when 20707914 is divided by 83.
78
What is the remainder when 269694 is divided by 38?
8
Calculate the remainder when 628085 is divided by 335.
295
What is the remainder when 132578 is divided by 1786?
414
Calculate the remainder when 9534956 is divided by 45.
41
Calculate the remainder when 127112 is divided by 280.
272
What is the remainder when 90231 is divided by 9212?
7323
Calculate the remainder when 861470 is divided by 3242.
2340
What is the remainder when 14300570 is divided by 191?
18
What is the remainder when 801693 is divided by 1692?
1377
What is the remainder when 12204078 is divided by 90?
78
Calculate the remainder when 329158293 is divided by 4317.
4311
What is the remainder when 299958 is divided by 44?
10
What is the remainder when 418731 is divided by 20927?
191
What is the remainder when 338218 is divided by 3416?
34
Calculate the remainder when 2058170 is divided by 86.
18
Calculate the remainder when 740759 is divided by 6733.
129
What is the remainder when 631104 is divided by 1478?
1476
Calculate the remainder when 521638 is divided by 6086.
4328
What is the remainder when 2780070 is divided by 556001?
65
What is the remainder when 1292534 is divided by 68027?
21
Calculate the remainder when 137971 is divided by 3831.
55
Calculate the remainder when 85665 is divided by 17130.
15
Calculate the remainder when 1138452 is divided by 469.
189
What is the remainder when 916657 is divided by 7768?
33
Calculate the remainder when 188369 is divided by 226.
111
What is the remainder when 8395610 is divided by 61?
58
What is the remainder when 1759621 is divided by 3339?
3307
What is the remainder when 58514 is divided by 26289?
5936
What is the remainder when 1433582 is divided by 448?
430
Calculate the remainder when 194162 is divided by 202.
40
Calculate the remainder when 895476 is divided by 298458.
102
What is the remainder when 32806292 is divided by 1798?
1782
What is the remainder when 48903313 is divided by 1577526?
7
What is the remainder when 3177195 is divided by 4225?
4220
Calculate the remainder when 1107121 is divided by 691.
139
What is the remainder when 11051604 is divided by 7513?
7494
What is the remainder when 157383261 is divided by 150462?
9
What is the remainder when 1241375 is divided by 77572?
223
What is the remainder when 318180 is divided by 1136?
100
Calculate the remainder when 377019 is divided by 639.
9
What is the remainder when 2753051 is divided by 1151?
1010
What is the remainder when 90475 is divided by 6239?
3129
Calculate the remainder when 39193630 is divided by 845.
840
Calculate the remainder when 1223443 is divided by 113.
105
Calculate the remainder when 2617352 is divided by 37389.
122
What is the remainder when 398998 is divided by 13758?
16
Calculate the remainder when 4492777 is divided by 19282.
71
What is the remainder when 76624195 is divided by 107?
104
What is the remainder when 126084 is divided by 8968?
532
What is the remainder when 237073 is divided by 23001?
7063
Calculate the remainder when 375556752 is divided by 86.
84
What is the remainder when 735422 is divided by 1038?
518
What is the remainder when 21306 is divided by 10603?
100
What is the remainder when 18348 is divided by 462?
330
What is the remainder when 7314442 is divided by 71014?
0
Calculate the remainder when 1764735 is divided by 103.
36
What is the remainder when 3256192 is divided by 4831?
98
What is the remainder when 30207048 is divided by 1549?
1548
Calculate the remainder when 13645366 is divided by 72.
70
Calculate the remainder when 141169 is divided by 8084.
3741
Calculate the remainder when 38213 is divided by 2598.
1841
Calculate the remainder when 293085799 is divided by 4.
3
Calculate the remainder when 1214014 is divided by 719.
342
Calculate the remainder when 8435882 is divided by 496177.
873
What is the remainder when 232135 is divided by 12216?
31
What is the remainder when 23895863 is divided by 2498?
2493
What is the remainder when 358237 is divided by 171?
163
What is the remainder when 34975 is divided by 11283?
1126
Calculate the remainder when 1611400 is divided 